factors of h.
2, 3, 19
Suppose -3*a - 2*t + 144637 = 0, -96418 = -2*a + 32*t - 30*t. What are the prime factors of a?
37, 1303
Suppose -9*z + 249802 = d, -2*z + 25*d = 26*d - 55517. List the prime factors of z.
5, 7, 13, 61
Suppose 6*m + 5*m = 66. Let x be 1*176 + (-2)/((-12)/m). Suppose -5*b + 717 - x = 0. List the prime factors of b.
2, 3
Let p = 922 - -5001. List the prime factors of p.
5923
Let q = -156 + 153. What are the prime factors of (-1 - q - 13)*(-125)/5?
5, 11
Let k = -14020 + 24917. What are the prime factors of k?
17, 641
Suppose v + 23 - 26 = 0. Suppose -4*k + 1043 = g + 4*g, g - 202 = -v*k. List the prime factors of g.
211
What are the prime factors of ((-136512)/3555)/(1 + 1813/(-1810))?
2, 181
Suppose u + 0*x = 3*x + 115, 0 = 4*u + 3*x - 445. Suppose -4*v + 207 + 849 = 0. Let r = v - u. List the prime factors of r.
2, 19
Let n be 2*(-1 + 23 - -3). Suppose 36 = 52*y - n*y. What are the prime factors of y?
2, 3
List the prime factors of -3 + (-72)/(8/1) + 7819.
37, 211
Let i = -285 + 286. Let q(v) = 379*v**2 - 3*v + 2. List the prime factors of q(i).
2, 3, 7
Let l(q) = 12*q**3 - q**2 + 3*q. Let j = 83 - 81. What are the prime factors of l(j)?
2, 7
List the prime factors of (-42)/(-189) + (-404740)/(-36).
11243
Suppose -4*c = -4*a + 300, 0 = -5*c + a - 345 - 50. Let b = -80 - c. Suppose 4*y = -4*l + 680, b = y + 3*l - 5 - 167. What are the prime factors of y?
13
Suppose b = -3*r + 6476, 44*r - 46*r = -b + 6501. List the prime factors of b.
6491
Let d(f) = f**3 - 13*f**2 + 24*f - 17. Let t be d(11). Suppose t = s - 143. What are the prime factors of s?
2, 37
Let r(j) = -6*j + 234. Let p be r(34). Suppose 3*i + m = 1921, 32*i - 1294 = p*i - 4*m. What are the prime factors of i?
3, 71
Suppose -78*g + 300472 = -1701086. What are the prime factors of g?
67, 383
Suppose -3*m = -4*n + 867, 4*m + 164 - 1209 = -5*n. Suppose 3*b - 679 = z, 0*z = -b - 3*z + n. List the prime factors of b.
3, 5
What are the prime factors of (92144/(-130))/(28/(-805))?
2, 23, 443
Let g be (-1)/1*(3 + -2). What are the prime factors of ((-15)/17 - g) + (-396)/(-102)?
2
Let y = 12956 + -9551. What are the prime factors of y?
3, 5, 227
Let f(m) = 13*m**3 - 99*m - 5. What are the prime factors of f(10)?
5, 7
Let a(n) = n**3 + 17*n**2 - 35*n + 5. Let o(f) = 12*f + 6. Let j be o(-2). What are the prime factors of a(j)?
311
Let g(v) = -5*v + 25. Let t(b) = 1. Let k(n) = 2*g(n) - 50*t(n). Let s be k(-2). List the prime factors of ((-2)/6)/(s/(-300)).
5
Let x(i) = 13*i**2 + 12*i - 9. Let k(l) = 3*l**2 + 3*l - 2. Let b(d) = 9*k(d) - 2*x(d). Suppose 218*z - 208*z = 70. What are the prime factors of b(z)?
2, 5, 7
Let y = 16 + 23. Let b be 8925/39 - (-6)/y. Suppose 1031 + b = 9*r. What are the prime factors of r?
2, 5, 7
Suppose 607703 - 144027 = 38*d. What are the prime factors of d?
2, 6101
Let u(i) = 177*i + 21 + 18 + 19 + 20 - 81. What are the prime factors of u(7)?
2, 3, 103
Suppose 0 = 272*m - 267*m + k - 21656, -4*m + 17328 = 4*k. What are the prime factors of m?
61, 71
Suppose -137055 = -246*f + 2798463. What are the prime factors of f?
11933
Suppose -35*b + 33*b = -3*l + 79265, -b - 52842 = -2*l. List the prime factors of l.
29, 911
Suppose -4*o + 4 = -2*h + 2, -5*o = -3*h. Suppose o*s = 8*s + 325. Let m = s + 146. List the prime factors of m.
3
Suppose -18 = -4*v + 3*v. Suppose -12*r + 16*r + 108 = 0. List the prime factors of 1480/v - (-6)/r.
2, 41
Suppose 0 = -2*q + n + 27197, 4*n = -5*q + 2*q + 40768. What are the prime factors of q?
2, 3, 11, 103
Let j(l) = 7*l**3 - 14*l**2 + 53*l - 5. List the prime factors of j(13).
13697
Let m be (2/4)/((-14)/(-84)). Suppose m*x + 660 = 6*x. Suppose -5*z + x = -150. What are the prime factors of z?
2, 37
Suppose -t + 3*x + 14 = 0, 5*x = 5*t + x - 37. Suppose 14*a - 2122 + 386 = 0. Suppose t*n - 227 = -4*m + a, 3*m = 5*n + 272. List the prime factors of m.
89
Suppose 8*g = 108 + 60. Suppose 0 = -25*u + g*u + 1172. What are the prime factors of u?
293
Let b(w) = w**3 - 17*w**2 - 25*w - 12. Let o = -246 - -265. What are the prime factors of b(o)?
5, 47
Let z(d) = 15*d + 95. Let a be z(-6). Suppose w - 2*w + 575 = a*r, -5*w = -5*r + 605. What are the prime factors of r?
2, 29
List the prime factors of 53126/5 + (76 - 74) + 11/(-5).
5, 17
Suppose -51*k + 374608 + 209546 = 0. What are the prime factors of k?
2, 3, 23, 83
Suppose -3*g - 4*t + 12590 = 0, 4*t = 3*g - t - 12545. List the prime factors of g.
2, 5, 419
Let x = 9154 + 53758. What are the prime factors of x?
2, 983
Suppose 25*a - 20*a = 8295. Suppose 8*z - 325 = a. List the prime factors of z.
2, 31
Suppose 0 = 5*u - 4*u - j + 611, -4*j = -u - 623. Let r be 3/(-18) + u/(-6). Let q = r - 60. List the prime factors of q.
41
Let r be -1*(0 + 1)*11/(-1). Let m(z) = 3*z**2 - 2*z + 25. What are the prime factors of m(r)?
2, 3, 61
Let r = 72253 + -51184. What are the prime factors of r?
3, 2341
Suppose 0 = -4*q + 2*x + 7 + 29, -4*q - 4*x = -48. Suppose 0 = -9*j - q*j + 9918. What are the prime factors of j?
2, 3, 29
Let j(h) = -h**2 + 25*h - 10. Let m be j(25). List the prime factors of 303 - m*6/(-12).
2, 149
Suppose -34*g = -14*g - 16*g - 2584. What are the prime factors of g?
2, 17, 19
Let d(o) = o**3 + 17*o**2 - 17*o - 3. Let x be d(-18). Let r(z) = -z**3 - 21*z**2 - 6*z - 18. List the prime factors of r(x).
2, 3
Suppose -14*q - 6 = -17*q. Suppose q*j + 190 = 664. List the prime factors of j.
3, 79
Suppose -5*i - 13 = z + 3, 5*i = 3*z - 32. Let p(v) = -10*v + 27. Let g be p(z). Let c = g - -72. List the prime factors of c.
59
Suppose 0 = -3*r + 5*r + n - 2, 6 = 5*r + 2*n. Suppose -w = -k + 1207, 0 = -r*k - 3*k + 2*w + 6047. What are the prime factors of k?
7, 173
Suppose -194*d - 6504 = -197*d. List the prime factors of d.
2, 271
Let d be 1/(5/(-15))*-1. Suppose -11*m + 16 = -d*m. Suppose -5*i = m*r - 35, i + i = -3*r + 80. What are the prime factors of r?
2, 3, 5
Let k be -140*((-7)/5 - -1). Let x = -71 + k. What are the prime factors of ((-126)/x)/((-2)/(-20))?
2, 3, 7
Let s = 573 + -723. Let c = 213 + s. What are the prime factors of c?
3, 7
Let s(b) = -2*b**3 - 12*b**2 - 2*b - 1. Let f be s(-6). Suppose 0 = 13*x - f*x - 8. Suppose 0*m - 36 = -x*m. What are the prime factors of m?
3
Suppose 32 = -10*a + 52. Suppose -13*i + 3505 = 5*c - 8*i, 2083 = 3*c - a*i. What are the prime factors of c?
17, 41
Suppose -44503 = 31*o - 33*o + z, 0 = -3*o - 3*z + 66768. List the prime factors of o.
7, 11, 17
Let a = -109 - -109. Suppose -l + 4 = -w, w + 4*l + 14 = -a. Let p(f) = -42*f - 8. List the prime factors of p(w).
2, 61
What are the prime factors of -4*247885/(-20) - -18?
5, 7, 13, 109
Suppose 0 = 2*t - 2*u - 58466, -u = 7*t - 10*t + 87685. What are the prime factors of t?
2, 3, 4871
Suppose 4*k + 50585 + 9391 = 0. List the prime factors of (18/12)/((-27)/k).
7, 17
Suppose -5*o + 78157 + 47963 = 0. List the prime factors of o.
2, 3, 1051
Let o(k) = -97*k - 3104. What are the prime factors of o(-73)?
41, 97
Suppose -3*r + n = 5*n - 1, -7 = 4*r - 3*n. Suppose t + 3*b + 8 = 24, -4*t - 2*b = -64. List the prime factors of -2*r/4 - (-168)/t.
11
Suppose 9 = -3*a, -528 + 45 = -3*f + 5*a. Suppose -4*b - 57 = -k, -2*k = k + 3*b - f. Let z = 160 - k. List the prime factors of z.
107
Let n be (1 + 98/6)/((-2)/(-12)). Suppose -3339 + n = -5*j. List the prime factors of j.
647
Let u(q) = 9*q + 6. Let k be u(-4). What are the prime factors of (-15)/225 + (-32312)/k?
3, 359
Let g(x) = -100*x + 88*x - 40*x - 47. Let l = 7 + -12. What are the prime factors of g(l)?
3, 71
Let n be (-11)/(77/28)*(-2)/2. Let z be n + (-38)/9 - 788/18. What are the prime factors of z/(-10) - 7/(105/6)?
2
Suppose 0 = -8*l + 11*l + d - 7047, -2*l = -5*d - 4681. Suppose 4*s + 4*t = 8*s - l, 4*s - 2*t - 2346 = 0. List the prime factors of s.
2, 293
Suppose p - 6 = 4*p. Suppose -11 = 5*s - 4*i, 19*s - 15*s + 3*i = 16. What are the prime factors of 12 - (s/p)/((-4)/(-16))?
2, 7
Suppose -4*y = -5*m + 12993, 7*m = 11*m + 3*y - 10382. What are the prime factors of m?
7, 53
Suppose 4*v - 5*z = 30417, -3*z = 3*v - 20637 - 2142. What are the prime factors of v?
2, 29, 131
Suppose 30 = -5*a + 11*a. Suppose 0 = a*n - 2*g - 3912, n + 3904 = 6*n - 4*g. Suppose 9*p - n = p. What are the prime factors of p?
2, 7
Let o be 9 + 